{"id":68,"date":"2021-04-18T15:25:50","date_gmt":"2021-04-18T15:25:50","guid":{"rendered":"https:\/\/ferienwohnung.anders-media-online.de\/?page_id=68"},"modified":"2021-05-13T10:32:14","modified_gmt":"2021-05-13T10:32:14","slug":"uns-finden","status":"publish","type":"page","link":"https:\/\/www.mainschoen.de\/?page_id=68","title":{"rendered":"Uns finden"},"content":{"rendered":"\n<p>Sie finden und im Ortsteil Schwarzach, welcher zur Gemeinde Mainleus geh\u00f6rt. Im Navigationsger\u00e4t geben Sie bitte R\u00f6thenstra\u00dfe 5, 95336 Mainleus ein. Falls Sie bei der Anfahrt Schwierigkeiten haben, rufen Sie uns gerne auf dem Mobiltelefon an: 0160\/95888287<\/p>\n\n\n<div class=\"ba_map_holder\" id=\"d11591eabe3bc85ebd6672cef1b4bbbd\" data-map-id=\"108\"><\/div>\n","protected":false},"excerpt":{"rendered":"<p>Sie finden und im Ortsteil Schwarzach, welcher zur Gemeinde Mainleus geh\u00f6rt. Im Navigationsger\u00e4t geben Sie bitte R\u00f6thenstra\u00dfe 5, 95336 Mainleus ein. Falls Sie bei der Anfahrt Schwierigkeiten haben, rufen Sie uns gerne auf dem Mobiltelefon an: 0160\/95888287<\/p>\n","protected":false},"author":1,"featured_media":0,"parent":0,"menu_order":0,"comment_status":"closed","ping_status":"closed","template":"page-fullwidth.php","meta":{"kt_blocks_editor_width":"","footnotes":""},"class_list":["post-68","page","type-page","status-publish","hentry"],"_links":{"self":[{"href":"https:\/\/www.mainschoen.de\/index.php?rest_route=\/wp\/v2\/pages\/68","targetHints":{"allow":["GET"]}}],"collection":[{"href":"https:\/\/www.mainschoen.de\/index.php?rest_route=\/wp\/v2\/pages"}],"about":[{"href":"https:\/\/www.mainschoen.de\/index.php?rest_route=\/wp\/v2\/types\/page"}],"author":[{"embeddable":true,"href":"https:\/\/www.mainschoen.de\/index.php?rest_route=\/wp\/v2\/users\/1"}],"replies":[{"embeddable":true,"href":"https:\/\/www.mainschoen.de\/index.php?rest_route=%2Fwp%2Fv2%2Fcomments&post=68"}],"version-history":[{"count":4,"href":"https:\/\/www.mainschoen.de\/index.php?rest_route=\/wp\/v2\/pages\/68\/revisions"}],"predecessor-version":[{"id":155,"href":"https:\/\/www.mainschoen.de\/index.php?rest_route=\/wp\/v2\/pages\/68\/revisions\/155"}],"wp:attachment":[{"href":"https:\/\/www.mainschoen.de\/index.php?rest_route=%2Fwp%2Fv2%2Fmedia&parent=68"}],"curies":[{"name":"wp","href":"https:\/\/api.w.org\/{rel}","templated":true}]}}

<p>Sie finden und im Ortsteil Schwarzach, welcher zur Gemeinde Mainleus gehört. Im Navigationsgerät geben Sie bitte Röthenstraße 5, 95336 Mainleus ein. Falls Sie bei der Anfahrt Schwierigkeiten haben, rufen Sie uns gerne auf dem Mobiltelefon an: 0160/95888287</p>


<div class="ba_map_holder" id="d11591eabe3bc85ebd6672cef1b4bbbd" data-map-id="108"></div>

<p>Sie finden und im Ortsteil Schwarzach, welcher zur Gemeinde Mainleus gehört. Im Navigationsgerät geben Sie bitte Röthenstraße 5, 95336 Mainleus ein. Falls Sie bei der Anfahrt Schwierigkeiten haben, rufen Sie uns gerne auf dem Mobiltelefon an: 0160/95888287</p>
